{"id":6,"date":"2024-06-27T10:25:30","date_gmt":"2024-06-27T08:25:30","guid":{"rendered":"https:\/\/tregor-sauvetage-sportif.com\/?page_id=6"},"modified":"2025-05-04T19:38:37","modified_gmt":"2025-05-04T17:38:37","slug":"accueil","status":"publish","type":"page","link":"https:\/\/tregor-sauvetage-sportif.com\/","title":{"rendered":"Accueil"},"content":{"rendered":"\n<div class=\"wp-block-group alignfull is-layout-constrained wp-block-group-is-layout-constrained\">\n\n<\/div>\n\n\n\n<div class=\"wp-block-group alignfull has-ast-global-color-5-background-color has-background is-layout-constrained wp-container-core-group-is-layout-9cedb757 wp-block-group-is-layout-constrained\" style=\"padding-bottom:0px\">\n<p>Bienvenue sur le site de Tr\u00e9gor Sauvetage Sportif et Secourisme !!!<\/p>\n\n\n\n<p>T3S est un club de sauvetage sportif sur la plage de Tr\u00e9stel \u00e0 Tr\u00e9vou-Tr\u00e9guignec (C\u00f4tes-d&#8217;Armor, Bretagne, France) et \u00e0 la piscine Ti Dour de Lannion depuis 2012. Nous faisons des entra\u00eenements, formations, comp\u00e9titions, postes de secours et stages.<\/p>\n\n\n\n<p>N&#8217;h\u00e9sitez pas \u00e0 nous contacter !<\/p>\n\n\n\n<div class=\"wp-block-columns are-vertically-aligned-top is-layout-flex wp-container-core-columns-is-layout-00723822 wp-block-columns-is-layout-flex\">\n<div class=\"wp-block-column is-vertically-aligned-top is-layout-flow wp-container-core-column-is-layout-6b73ce23 wp-block-column-is-layout-flow\">\n<figure class=\"wp-block-image size-large\"><img decoding=\"async\" src=\"https:\/\/tregor-sauvetage-sportif.com\/wp-content\/themes\/astra\/inc\/assets\/images\/starter-content\/building.svg\" alt=\"\" class=\"wp-image-134\"\/><\/figure>\n\n\n\n<h3 class=\"wp-block-heading has-text-align-left\" style=\"margin-top:16px\">Sauvetage Sportif<\/h3>\n\n\n\n<p class=\"has-text-align-left\">discipline qui combine des comp\u00e9tences de sauvetage aquatique avec des \u00e9preuves sportives, visant \u00e0 d\u00e9velopper les comp\u00e9tences en natation, en sauvetage et en premiers secours, tout en mettant l&#8217;accent sur une pratique sportive pouvant aller jusqu&#8217;\u00e0 la comp\u00e9tition<\/p>\n<\/div>\n\n\n\n<div class=\"wp-block-column is-vertically-aligned-top is-layout-flow wp-container-core-column-is-layout-6b73ce23 wp-block-column-is-layout-flow\">\n<figure class=\"wp-block-image size-large\"><a href=\"#reviews\"><img decoding=\"async\" src=\"https:\/\/tregor-sauvetage-sportif.com\/wp-content\/themes\/astra\/inc\/assets\/images\/starter-content\/shopping-bag.svg\" alt=\"\" class=\"wp-image-135\"\/><\/a><\/figure>\n\n\n\n<h3 class=\"wp-block-heading has-text-align-left\" style=\"margin-top:16px\"><a href=\"#reviews\" data-type=\"internal\" data-id=\"#reviews\">Formation<\/a><\/h3>\n\n\n\n<p class=\"has-text-align-left\">Nous pouvons vous accompagner sur les diff\u00e9rentes formations suivantes : PSC1, PSE1, PSE2, BSB, BNSSA, SSA-L et les recyclages FCPSE1, FCPSE2, FCBNSSA<\/p>\n<\/div>\n\n\n\n<div class=\"wp-block-column is-vertically-aligned-top is-layout-flow wp-container-core-column-is-layout-6b73ce23 wp-block-column-is-layout-flow\">\n<figure class=\"wp-block-image size-large\"><img decoding=\"async\" src=\"https:\/\/tregor-sauvetage-sportif.com\/wp-content\/themes\/astra\/inc\/assets\/images\/starter-content\/blog.svg\" alt=\"\" class=\"wp-image-136\"\/><\/figure>\n\n\n\n<h3 class=\"wp-block-heading has-text-align-left\" style=\"margin-top:16px\">Poste de secours<\/h3>\n\n\n\n<p class=\"has-text-align-left\">T3S est en charge de plusieurs poste de secours sur les plages du Tr\u00e9gor.<\/p>\n<\/div>\n\n\n\n<div class=\"wp-block-column is-vertically-aligned-top is-layout-flow wp-container-core-column-is-layout-6b73ce23 wp-block-column-is-layout-flow\">\n<figure class=\"wp-block-image size-large\"><img decoding=\"async\" src=\"https:\/\/tregor-sauvetage-sportif.com\/wp-content\/themes\/astra\/inc\/assets\/images\/starter-content\/portfolio.svg\" alt=\"\" class=\"wp-image-137\"\/><\/figure>\n\n\n\n<h3 class=\"wp-block-heading has-text-align-left\" style=\"margin-top:16px\">Stages<\/h3>\n\n\n\n<p>T3S Tr\u00e9gor Sauvetage Sportif et Secourisme, propose des stages de trois jours de sauvetage c\u00f4tier \u00e0 Trestel <strong>pour les enfants de 10 \u00e0 16 ans<\/strong>.<\/p>\n\n\n\n<p><\/p>\n<\/div>\n<\/div>\n<\/div>\n\n\n\n<div class=\"wp-block-group alignfull has-ast-global-color-4-background-color has-background is-layout-constrained wp-container-core-group-is-layout-45b0ac4f wp-block-group-is-layout-constrained\" id=\"sauv_sportif\" style=\"padding-top:144px;padding-bottom:0px\">\n<h2 class=\"wp-block-heading\">Sauvetage Sportif<\/h2>\n\n\n\n<p>T3S proposent toute l\u2019ann\u00e9e des cours Loisirs ou Comp\u00e9tition pour tous les \u00e2ges.<\/p>\n\n\n\n<p>Le sauvetage sportif est un sport extr\u00eamement complet compos\u00e9 de plusieurs disciplines dans l&#8217;eau (paddle board, bou\u00e9e tube, natation &#8230;)  et sur la plage avec la finalit\u00e9 d\u2019apprendre \u00e0 \u00ab sauver mieux et plus vite \u00bb dans un environnement naturel \u00e0 maitriser et respecter.<\/p>\n\n\n\n<p>Venez d\u00e9couvrir l\u2019activit\u00e9 et ses valeurs \u00e0 l\u2019occasion de nos cours pendant l&#8217;ann\u00e9e ou de stages d\u2019\u00e9t\u00e9.<\/p>\n\n\n\n<div class=\"wp-block-columns is-layout-flex wp-container-core-columns-is-layout-60cbf9bb wp-block-columns-is-layout-flex\" style=\"margin-top:50px\">\n<div class=\"wp-block-column is-layout-flow wp-container-core-column-is-layout-6b73ce23 wp-block-column-is-layout-flow\">\n<figure class=\"wp-block-image size-full\"><img loading=\"lazy\" decoding=\"async\" width=\"2048\" height=\"1542\" src=\"http:\/\/tregor-sauvetage-sportif.com\/wp-content\/uploads\/2024\/06\/439165958_812585750897816_3039084006665341412_n.jpg\" alt=\"\" class=\"wp-image-70\" srcset=\"https:\/\/tregor-sauvetage-sportif.com\/wp-content\/uploads\/2024\/06\/439165958_812585750897816_3039084006665341412_n.jpg 2048w, https:\/\/tregor-sauvetage-sportif.com\/wp-content\/uploads\/2024\/06\/439165958_812585750897816_3039084006665341412_n-300x226.jpg 300w, https:\/\/tregor-sauvetage-sportif.com\/wp-content\/uploads\/2024\/06\/439165958_812585750897816_3039084006665341412_n-1024x771.jpg 1024w, https:\/\/tregor-sauvetage-sportif.com\/wp-content\/uploads\/2024\/06\/439165958_812585750897816_3039084006665341412_n-768x578.jpg 768w, https:\/\/tregor-sauvetage-sportif.com\/wp-content\/uploads\/2024\/06\/439165958_812585750897816_3039084006665341412_n-1536x1157.jpg 1536w\" sizes=\"auto, (max-width: 2048px) 100vw, 2048px\" \/><\/figure>\n\n\n\n<h3 class=\"wp-block-heading\" style=\"margin-top:16px\">Paddleboard<\/h3>\n\n\n\n<p><\/p>\n<\/div>\n\n\n\n<div class=\"wp-block-column is-layout-flow wp-container-core-column-is-layout-6b73ce23 wp-block-column-is-layout-flow\">\n<figure class=\"wp-block-image size-full\"><img loading=\"lazy\" decoding=\"async\" width=\"2560\" height=\"1920\" src=\"https:\/\/tregor-sauvetage-sportif.com\/wp-content\/uploads\/2024\/06\/IMG_8422-edited-scaled.jpg\" alt=\"\" class=\"wp-image-72\" srcset=\"https:\/\/tregor-sauvetage-sportif.com\/wp-content\/uploads\/2024\/06\/IMG_8422-edited-scaled.jpg 2560w, https:\/\/tregor-sauvetage-sportif.com\/wp-content\/uploads\/2024\/06\/IMG_8422-edited-300x225.jpg 300w, https:\/\/tregor-sauvetage-sportif.com\/wp-content\/uploads\/2024\/06\/IMG_8422-edited-1024x768.jpg 1024w, https:\/\/tregor-sauvetage-sportif.com\/wp-content\/uploads\/2024\/06\/IMG_8422-edited-768x576.jpg 768w, https:\/\/tregor-sauvetage-sportif.com\/wp-content\/uploads\/2024\/06\/IMG_8422-edited-1536x1152.jpg 1536w, https:\/\/tregor-sauvetage-sportif.com\/wp-content\/uploads\/2024\/06\/IMG_8422-edited-2048x1536.jpg 2048w\" sizes=\"auto, (max-width: 2560px) 100vw, 2560px\" \/><\/figure>\n\n\n\n<h3 class=\"wp-block-heading\" style=\"margin-top:16px\">Beach Flag<\/h3>\n\n\n\n<p><\/p>\n<\/div>\n\n\n\n<div class=\"wp-block-column is-layout-flow wp-container-core-column-is-layout-6b73ce23 wp-block-column-is-layout-flow\">\n<figure class=\"wp-block-image size-full is-resized\"><img loading=\"lazy\" decoding=\"async\" width=\"2560\" height=\"1696\" src=\"http:\/\/tregor-sauvetage-sportif.com\/wp-content\/uploads\/2024\/07\/DSC_7931-scaled.jpg\" alt=\"\" class=\"wp-image-109\" style=\"object-fit:cover;width:435px;height:auto\" srcset=\"https:\/\/tregor-sauvetage-sportif.com\/wp-content\/uploads\/2024\/07\/DSC_7931-scaled.jpg 2560w, https:\/\/tregor-sauvetage-sportif.com\/wp-content\/uploads\/2024\/07\/DSC_7931-300x199.jpg 300w, https:\/\/tregor-sauvetage-sportif.com\/wp-content\/uploads\/2024\/07\/DSC_7931-1024x678.jpg 1024w, https:\/\/tregor-sauvetage-sportif.com\/wp-content\/uploads\/2024\/07\/DSC_7931-768x509.jpg 768w, https:\/\/tregor-sauvetage-sportif.com\/wp-content\/uploads\/2024\/07\/DSC_7931-1536x1017.jpg 1536w, https:\/\/tregor-sauvetage-sportif.com\/wp-content\/uploads\/2024\/07\/DSC_7931-2048x1356.jpg 2048w\" sizes=\"auto, (max-width: 2560px) 100vw, 2560px\" \/><\/figure>\n\n\n\n<h3 class=\"wp-block-heading\" style=\"margin-top:16px\">Surf Ski<\/h3>\n\n\n\n<p><\/p>\n<\/div>\n<\/div>\n\n\n\n<figure class=\"wp-block-image size-large is-resized\"><img loading=\"lazy\" decoding=\"async\" width=\"1024\" height=\"969\" src=\"http:\/\/tregor-sauvetage-sportif.com\/wp-content\/uploads\/2024\/06\/piscine-unsplash-scaled-e1719575875902-1024x969.jpg\" alt=\"\" class=\"wp-image-98\" style=\"object-fit:cover;width:384px;height:auto\" srcset=\"https:\/\/tregor-sauvetage-sportif.com\/wp-content\/uploads\/2024\/06\/piscine-unsplash-scaled-e1719575875902-1024x969.jpg 1024w, https:\/\/tregor-sauvetage-sportif.com\/wp-content\/uploads\/2024\/06\/piscine-unsplash-scaled-e1719575875902-300x284.jpg 300w, https:\/\/tregor-sauvetage-sportif.com\/wp-content\/uploads\/2024\/06\/piscine-unsplash-scaled-e1719575875902-768x727.jpg 768w, https:\/\/tregor-sauvetage-sportif.com\/wp-content\/uploads\/2024\/06\/piscine-unsplash-scaled-e1719575875902-1536x1453.jpg 1536w, https:\/\/tregor-sauvetage-sportif.com\/wp-content\/uploads\/2024\/06\/piscine-unsplash-scaled-e1719575875902.jpg 1740w\" sizes=\"auto, (max-width: 1024px) 100vw, 1024px\" \/><\/figure>\n\n\n\n<h3 class=\"wp-block-heading\">Natation<\/h3>\n\n\n\n<div class=\"wp-block-group is-vertical is-content-justification-left is-layout-flex wp-container-core-group-is-layout-dd225191 wp-block-group-is-layout-flex\">\n<div class=\"wp-block-group is-layout-constrained wp-block-group-is-layout-constrained\">\n<p>La piscine Ti Dour de Lannion nous accueille sur plusieurs cr\u00e9neaux pendant l&#8217;hiver<\/p>\n<\/div>\n<\/div>\n<\/div>\n\n\n\n<div class=\"wp-block-group alignfull has-ast-global-color-5-background-color has-background is-layout-constrained wp-container-core-group-is-layout-94d206d0 wp-block-group-is-layout-constrained\" id=\"about\" style=\"padding-top:143px;padding-bottom:144px\">\n<div class=\"wp-block-media-text has-media-on-the-right is-stacked-on-mobile\" style=\"grid-template-columns:auto 51%\"><div class=\"wp-block-media-text__content\">\n<h2 class=\"wp-block-heading\"><strong>Dans la peau d&#8217;un sauveteur !!!<\/strong><\/h2>\n\n\n\n<p>Cet \u00e9t\u00e9, T3S propose des stages de trois jours de sauvetage c\u00f4tier \u00e0 Trestel <strong>pour les enfants de 10 \u00e0 16 ans<\/strong>.<\/p>\n\n\n\n<p>L\u2019objectif de ces stages pour les apprentis sauveteurs sera de d\u00e9couvrir dans un cadre ludique le&nbsp;<strong>milieu naturel aquatique<\/strong>&nbsp;et les diff\u00e9rents&nbsp;<strong>outils de sauvetage&nbsp;et de secourisme<\/strong>&nbsp;(planche, bou\u00e9e tube\u2026).<\/p>\n\n\n\n<p>Ils acquerront quelques gestes de premier secours et&nbsp;<strong>nous en profiterons \u00e9galement pour les sensibiliser \u00e0 l\u2019environnement<\/strong>&nbsp;et aux&nbsp;<strong>dangers de l\u2019oc\u00e9an.<\/strong><\/p>\n\n\n\n<p><strong>En plus de tous ces enseignements, nous esp\u00e9rons qu\u2019ils auront envie de rejoindre notre association afin de pratiquer le sauvetage sportif toute l\u2019ann\u00e9e et faire na\u00eetre&nbsp;une vocation de sauveteur dans le futur.<\/strong><\/p>\n\n\n\n<p>Deux p\u00e9riodes de stages sont programm\u00e9s pour le moment <strong>du 16 au 18 juillet et du 23 au 25 juillet<\/strong> : 9h30-11h: stage 10-13 ans et 11h15-12h45: stage 13-16 ans<\/p>\n\n\n\n<p><\/p>\n<\/div><figure class=\"wp-block-media-text__media\"><img loading=\"lazy\" decoding=\"async\" width=\"1024\" height=\"724\" src=\"http:\/\/tregor-sauvetage-sportif.com\/wp-content\/uploads\/2024\/06\/448176873_10225904795830754_6461488917696032994_n-1024x724.jpg\" alt=\"\" class=\"wp-image-62 size-full\" srcset=\"https:\/\/tregor-sauvetage-sportif.com\/wp-content\/uploads\/2024\/06\/448176873_10225904795830754_6461488917696032994_n-1024x724.jpg 1024w, https:\/\/tregor-sauvetage-sportif.com\/wp-content\/uploads\/2024\/06\/448176873_10225904795830754_6461488917696032994_n-300x212.jpg 300w, https:\/\/tregor-sauvetage-sportif.com\/wp-content\/uploads\/2024\/06\/448176873_10225904795830754_6461488917696032994_n-768x543.jpg 768w, https:\/\/tregor-sauvetage-sportif.com\/wp-content\/uploads\/2024\/06\/448176873_10225904795830754_6461488917696032994_n.jpg 1280w\" sizes=\"auto, (max-width: 1024px) 100vw, 1024px\" \/><\/figure><\/div>\n<\/div>\n\n\n\n<div class=\"wp-block-group alignfull has-ast-global-color-4-background-color has-background is-layout-constrained wp-container-core-group-is-layout-6a2cfb7b wp-block-group-is-layout-constrained\" id=\"reviews\">\n<p class=\"has-text-align-center\" style=\"font-size:22px;line-height:1.6\">T3S forme aux diff\u00e9rentes formations de secourisme, sauvetage : <\/p>\n\n\n\n<p class=\"has-text-align-center\" style=\"font-size:20px;line-height:1.6\">PSC (ancien PSC1), PSE1, PSE2, BSB, BNSSA, SSA-L et les recyclages FCPSE1, FCPSE2, FCBNSSA<\/p>\n\n\n\n<figure class=\"wp-block-image aligncenter size-full\"><img loading=\"lazy\" decoding=\"async\" width=\"734\" height=\"490\" src=\"https:\/\/tregor-sauvetage-sportif.com\/wp-content\/uploads\/2024\/06\/photo__ecole_sauv_1-002-t3s-e1688687944861.jpg\" alt=\"\" class=\"wp-image-100\" srcset=\"https:\/\/tregor-sauvetage-sportif.com\/wp-content\/uploads\/2024\/06\/photo__ecole_sauv_1-002-t3s-e1688687944861.jpg 734w, https:\/\/tregor-sauvetage-sportif.com\/wp-content\/uploads\/2024\/06\/photo__ecole_sauv_1-002-t3s-e1688687944861-300x200.jpg 300w\" sizes=\"auto, (max-width: 734px) 100vw, 734px\" \/><\/figure>\n\n\n\n<p><\/p>\n\n\n\n<p><strong>BNSSA<\/strong> : le fichier d&#8217;inscription pour l&#8217;ann\u00e9e 2026 est disponible ici : <a href=\"http:\/\/tregor-sauvetage-sportif.com\/wp-content\/uploads\/2025\/05\/dossier-BNSSA-T3S-2026.pdf\">http:\/\/tregor-sauvetage-sportif.com\/wp-content\/uploads\/2025\/05\/dossier-BNSSA-T3S-2026.pdf<\/a> <\/p>\n\n\n\n<p>Contactez nous sur l&#8217;adresse mail <a href=\"mailto:tregor.sauvetage.sportif@gmail.com\">tregor.sauvetage.sportif@gmail.com<\/a> pour toute demande d&#8217;informations.<\/p>\n<\/div>\n\n\n\n<div class=\"wp-block-group alignfull is-layout-constrained wp-container-core-group-is-layout-3fee123f wp-block-group-is-layout-constrained\" id=\"whyus\" style=\"padding-top:144px;padding-bottom:144px\">\n<h2 class=\"wp-block-heading\">Les postes de secours<\/h2>\n\n\n\n<div class=\"wp-block-media-text is-stacked-on-mobile\" style=\"grid-template-columns:28% auto\"><figure class=\"wp-block-media-text__media\"><img loading=\"lazy\" decoding=\"async\" width=\"724\" height=\"1024\" src=\"https:\/\/tregor-sauvetage-sportif.com\/wp-content\/uploads\/2024\/06\/437724161_816232537199804_6762475618789480528_n-724x1024.jpg\" alt=\"\" class=\"wp-image-66 size-full\" srcset=\"https:\/\/tregor-sauvetage-sportif.com\/wp-content\/uploads\/2024\/06\/437724161_816232537199804_6762475618789480528_n-724x1024.jpg 724w, https:\/\/tregor-sauvetage-sportif.com\/wp-content\/uploads\/2024\/06\/437724161_816232537199804_6762475618789480528_n-212x300.jpg 212w, https:\/\/tregor-sauvetage-sportif.com\/wp-content\/uploads\/2024\/06\/437724161_816232537199804_6762475618789480528_n-768x1086.jpg 768w, https:\/\/tregor-sauvetage-sportif.com\/wp-content\/uploads\/2024\/06\/437724161_816232537199804_6762475618789480528_n-1086x1536.jpg 1086w, https:\/\/tregor-sauvetage-sportif.com\/wp-content\/uploads\/2024\/06\/437724161_816232537199804_6762475618789480528_n.jpg 1448w\" sizes=\"auto, (max-width: 724px) 100vw, 724px\" \/><\/figure><div class=\"wp-block-media-text__content\">\n<p>T3S est en charge de plusieurs poste de secours sur les plages du Tr\u00e9gor : Trestel, Beg Leguer &#8230;<\/p>\n\n\n\n<p>Contactez nous pour plus d&#8217;informations sur l&#8217;adresse mail <a href=\"mailto:tregor.sauvetage.sportif@gmail.com\">tregor.sauvetage.sportif@gmail.com<\/a> .<\/p>\n<\/div><\/div>\n<\/div>\n\n\n\n<div class=\"wp-block-group alignfull has-background is-layout-constrained wp-container-core-group-is-layout-cfcca693 wp-block-group-is-layout-constrained\" id=\"contact\" style=\"background:linear-gradient(35deg,rgb(6,0,151) 0%,rgb(130,4,255) 64%,rgb(193,15,255) 98%);padding-top:104px;padding-bottom:104px\">\n<h2 class=\"wp-block-heading has-text-align-center has-text-color\" style=\"color:#ffffff\">N&#8217;h\u00e9sitez pas \u00e0 nous contacter :<\/h2>\n\n\n\n<div class=\"wp-block-contact-form-7-contact-form-selector\">\n<div class=\"wpcf7 no-js\" id=\"wpcf7-f30-o1\" lang=\"fr-FR\" dir=\"ltr\" data-wpcf7-id=\"30\">\n<div class=\"screen-reader-response\"><p role=\"status\" aria-live=\"polite\" aria-atomic=\"true\"><\/p> <ul><\/ul><\/div>\n<form action=\"\/index.php?rest_route=%2Fwp%2Fv2%2Fpages%2F6#wpcf7-f30-o1\" method=\"post\" class=\"wpcf7-form init\" aria-label=\"Formulaire de contact\" novalidate=\"novalidate\" data-status=\"init\">\n<div style=\"display: none;\">\n<input type=\"hidden\" name=\"_wpcf7\" value=\"30\" \/>\n<input type=\"hidden\" name=\"_wpcf7_version\" value=\"6.0.6\" \/>\n<input type=\"hidden\" name=\"_wpcf7_locale\" value=\"fr_FR\" \/>\n<input type=\"hidden\" name=\"_wpcf7_unit_tag\" value=\"wpcf7-f30-o1\" \/>\n<input type=\"hidden\" name=\"_wpcf7_container_post\" value=\"0\" \/>\n<input type=\"hidden\" name=\"_wpcf7_posted_data_hash\" value=\"\" \/>\n<\/div>\n<p><label> Votre nom<br \/>\n<span class=\"wpcf7-form-control-wrap\" data-name=\"your-name\"><input size=\"40\" maxlength=\"400\" class=\"wpcf7-form-control wpcf7-text wpcf7-validates-as-required\" autocomplete=\"name\" aria-required=\"true\" aria-invalid=\"false\" value=\"\" type=\"text\" name=\"your-name\" \/><\/span> <\/label>\n<\/p>\n<p><label> Votre e-mail<br \/>\n<span class=\"wpcf7-form-control-wrap\" data-name=\"your-email\"><input size=\"40\" maxlength=\"400\" class=\"wpcf7-form-control wpcf7-email wpcf7-validates-as-required wpcf7-text wpcf7-validates-as-email\" autocomplete=\"email\" aria-required=\"true\" aria-invalid=\"false\" value=\"\" type=\"email\" name=\"your-email\" \/><\/span> <\/label>\n<\/p>\n<p><label> Objet<br \/>\n<span class=\"wpcf7-form-control-wrap\" data-name=\"your-subject\"><input size=\"40\" maxlength=\"400\" class=\"wpcf7-form-control wpcf7-text wpcf7-validates-as-required\" aria-required=\"true\" aria-invalid=\"false\" value=\"\" type=\"text\" name=\"your-subject\" \/><\/span> <\/label>\n<\/p>\n<p><label> Votre message<br \/>\n<span class=\"wpcf7-form-control-wrap\" data-name=\"your-message\"><textarea cols=\"40\" rows=\"10\" maxlength=\"2000\" class=\"wpcf7-form-control wpcf7-textarea\" aria-invalid=\"false\" name=\"your-message\"><\/textarea><\/span> <\/label>\n<\/p>\n<p><input class=\"wpcf7-form-control wpcf7-submit has-spinner\" type=\"submit\" value=\"Envoyer\" \/>\n<\/p><p style=\"display: none !important;\" class=\"akismet-fields-container\" data-prefix=\"_wpcf7_ak_\"><label>&#916;<textarea name=\"_wpcf7_ak_hp_textarea\" cols=\"45\" rows=\"8\" maxlength=\"100\"><\/textarea><\/label><input type=\"hidden\" id=\"ak_js_1\" name=\"_wpcf7_ak_js\" value=\"80\"\/><script>document.getElementById( \"ak_js_1\" ).setAttribute( \"value\", ( new Date() ).getTime() );<\/script><\/p><div class=\"wpcf7-response-output\" aria-hidden=\"true\"><\/div>\n<\/form>\n<\/div>\n<\/div>\n<\/div>\n","protected":false},"excerpt":{"rendered":"<p>Bienvenue sur le site de Tr\u00e9gor Sauvetage Sportif et Secourisme !!! T3S est un club de sauvetage sportif sur la [&hellip;]<\/p>\n","protected":false},"author":1,"featured_media":0,"parent":0,"menu_order":0,"comment_status":"closed","ping_status":"closed","template":"","meta":{"site-sidebar-layout":"no-sidebar","site-content-layout":"plain-container","ast-site-content-layout":"","site-content-style":"default","site-sidebar-style":"default","ast-global-header-display":"","ast-banner-title-visibility":"","ast-main-header-display":"","ast-hfb-above-header-display":"","ast-hfb-below-header-display":"","ast-hfb-mobile-header-display":"","site-post-title":"disabled","ast-breadcrumbs-content":"","ast-featured-img":"","footer-sml-layout":"","theme-transparent-header-meta":"enabled","adv-header-id-meta":"","stick-header-meta":"","header-above-stick-meta":"","header-main-stick-meta":"","header-below-stick-meta":"","astra-migrate-meta-layouts":"default","ast-page-background-enabled":"default","ast-page-background-meta":{"desktop":{"background-color":"var(--ast-global-color-4)","background-image":"","background-repeat":"repeat","background-position":"center center","background-size":"auto","background-attachment":"scroll","background-type":"","background-media":"","overlay-type":"","overlay-color":"","overlay-opacity":"","overlay-gradient":""},"tablet":{"background-color":"","background-image":"","background-repeat":"repeat","background-position":"center center","background-size":"auto","background-attachment":"scroll","background-type":"","background-media":"","overlay-type":"","overlay-color":"","overlay-opacity":"","overlay-gradient":""},"mobile":{"background-color":"","background-image":"","background-repeat":"repeat","background-position":"center center","background-size":"auto","background-attachment":"scroll","background-type":"","background-media":"","overlay-type":"","overlay-color":"","overlay-opacity":"","overlay-gradient":""}},"ast-content-background-meta":{"desktop":{"background-color":"var(--ast-global-color-5)","background-image":"","background-repeat":"repeat","background-position":"center center","background-size":"auto","background-attachment":"scroll","background-type":"","background-media":"","overlay-type":"","overlay-color":"","overlay-opacity":"","overlay-gradient":""},"tablet":{"background-color":"var(--ast-global-color-5)","background-image":"","background-repeat":"repeat","background-position":"center center","background-size":"auto","background-attachment":"scroll","background-type":"","background-media":"","overlay-type":"","overlay-color":"","overlay-opacity":"","overlay-gradient":""},"mobile":{"background-color":"var(--ast-global-color-5)","background-image":"","background-repeat":"repeat","background-position":"center center","background-size":"auto","background-attachment":"scroll","background-type":"","background-media":"","overlay-type":"","overlay-color":"","overlay-opacity":"","overlay-gradient":""}},"footnotes":""},"class_list":["post-6","page","type-page","status-publish","hentry"],"_links":{"self":[{"href":"https:\/\/tregor-sauvetage-sportif.com\/index.php?rest_route=\/wp\/v2\/pages\/6","targetHints":{"allow":["GET"]}}],"collection":[{"href":"https:\/\/tregor-sauvetage-sportif.com\/index.php?rest_route=\/wp\/v2\/pages"}],"about":[{"href":"https:\/\/tregor-sauvetage-sportif.com\/index.php?rest_route=\/wp\/v2\/types\/page"}],"author":[{"embeddable":true,"href":"https:\/\/tregor-sauvetage-sportif.com\/index.php?rest_route=\/wp\/v2\/users\/1"}],"replies":[{"embeddable":true,"href":"https:\/\/tregor-sauvetage-sportif.com\/index.php?rest_route=%2Fwp%2Fv2%2Fcomments&post=6"}],"version-history":[{"count":56,"href":"https:\/\/tregor-sauvetage-sportif.com\/index.php?rest_route=\/wp\/v2\/pages\/6\/revisions"}],"predecessor-version":[{"id":145,"href":"https:\/\/tregor-sauvetage-sportif.com\/index.php?rest_route=\/wp\/v2\/pages\/6\/revisions\/145"}],"wp:attachment":[{"href":"https:\/\/tregor-sauvetage-sportif.com\/index.php?rest_route=%2Fwp%2Fv2%2Fmedia&parent=6"}],"curies":[{"name":"wp","href":"https:\/\/api.w.org\/{rel}","templated":true}]}}